7 is divided by (0/1)/1 + 151 + -3?
53
What is the remainder when (-246628)/(-84) + 6/21 + (-250)/(-375) is divided by 294?
291
Let v(j) = 31*j - 1178. Calculate the remainder when 168 is divided by v(39).
13
Let d = -339 - -396. Calculate the remainder when 393 is divided by d.
51
Let x(v) = v**3 + 9*v**2 - 13*v - 7. Let s be -58 - (2 + (-1 - 0)). Let o = -65 - s. Calculate the remainder when x(o) is divided by 45.
44
Suppose -4*r + 57 = -r. Let z(p) be the first derivative of -93*p**4/4 + p**3/3 + p**2 + 86. Calculate the remainder when z(-1) is divided by r.
16
Suppose 6 = -105*w + 3996. Calculate the remainder when 197 is divided by w.
7
Let f = 20 + -18. Suppose -5*c = l - 19, f = -c - 5*l + 1. What is the remainder when 44 is divided by c?
0
Let m(c) = 2*c + 96. Suppose l = 5*g - 90, -3*g + 5*l - 54 = -6*g. What is the remainder when g is divided by m(-46)?
2
Suppose 40*v + 26*v = 10*v + 9968. Calculate the remainder when v is divided by 94.
84
Let n(w) = w**3 - 121*w**2 - 107*w - 1460. Calculate the remainder when n(122) is divided by 82.
42
Let c = 34 - 8. Let f = 173 - c. What is the remainder when f is divided by 30?
27
Let z(p) = -22*p**2 + 83*p + 8. Let b(q) = 45*q**2 - 167*q - 17. Let i(w) = -6*b(w) - 13*z(w). Calculate the remainder when 21 is divided by i(5).
8
What is the remainder when 67 + (5 - (-11)/(-2))*-10 is divided by 19?
15
Suppose 22*b + 2258 = 146. Calculate the remainder when 179 is divided by (-220)/(-66)*b/(-5).
51
Let o(k) = k**3 - 5*k**2 + 10*k - 15. Let v be 92/3*(-54)/(-36). Suppose 3*s - 130 = -v. What is the remainder when o(6) is divided by s?
25
Suppose 0 = -5*f + 255*o - 252*o + 5230, o = -f + 1038. What is the remainder when f is divided by 170?
23
Let z(c) = c**2 - 7*c. Let o(v) = 2*v**2 + 53*v - 405. Calculate the remainder when z(11) is divided by o(-33).
20
Let z(i) = -3*i**3 - 3*i**2 + 27*i + 185. Calculate the remainder when z(-7) is divided by 63.
59
Suppose 0 = -7*u - 126 + 28. Calculate the remainder when 70 is divided by u/(-35) + 58/5.
10
Suppose -5*q = d - 8 - 0, -3*q - 5*d = 4. Suppose -q*s = -5*f - 86, 2*s - f = -2*s + 190. Calculate the remainder when s is divided by 28.
20
Let b(y) = -y**2 + 13*y - 20. Let q be b(4). Suppose 68 = 4*m + q. What is the remainder when 30 is divided by m?
4
Suppose -11*q = -766 + 150. What is the remainder when 162 is divided by q?
50
Let v = 827 - -13. Let b = v - 760. What is the remainder when 307 is divided by b?
67
Let t(v) = v**3 - 10*v**2 + 2*v - 5. Let k(a) = a**3 + 16*a**2 + 15*a - 12. Let x be k(-15). Let q = x + 22. Calculate the remainder when 39 is divided by t(q).
9
Suppose -27*o - 54*o + 23*o + 1798 = 0. Calculate the remainder when 106 is divided by o.
13
Let n = 9681 + -9546. Calculate the remainder when 1758 is divided by n.
3
Let o be 5/(10/8) - (-12 + 8). What is the remainder when 43 is divided by (195/10)/(6/o)?
17
Suppose 2*g - 3*s = 2173 + 1264, 0 = -2*g + s + 3427. Calculate the remainder when g is divided by 8.
7
Let n(i) = 115*i + 1020. What is the remainder when 5398 is divided by n(-8)?
98
Let j = 359 - 789. Let q = -417 - j. What is the remainder when q is divided by (-14)/(-2) - 1 - -1?
6
Let q(c) = 10*c**3 + 2*c**2 - c - 2. Suppose -2*k - 4*m = -336, 0 = 2*k + 5*m - 234 - 105. Calculate the remainder when k is divided by q(2).
78
Suppose -101*p + 84*p + 2924 = 0. Calculate the remainder when p is divided by 29.
27
Suppose -19*x = -16*x. Suppose x = 2*f + 5*j - 36, 5*j + 15 = 5*f - 40. What is the remainder when 100 is divided by f?
9
Let j(f) = 5*f - 10. Let g(t) = t**3 + 32*t**2 - 32*t + 38. Let k be g(-33). What is the remainder when j(k) is divided by -3 + 1/(3/45)?
3
Suppose 5*y = -v + 60, -5*y + 170 = 4*v - v. Suppose -141 - 839 = -5*d. Suppose 9*z = -5*z + d. Calculate the remainder when v is divided by z.
13
Calculate the remainder when 206 is divided by (680/16)/(125/600).
2
Let y = 5828 + -5083. What is the remainder when y is divided by 222?
79
Let g(y) = -4*y**3 - 3*y**2 - 10*y - 2. Let i be g(-2). Suppose -a + i = -5*n, -3*a - 2*n + 47 + 84 = 0. What is the remainder when a is divided by 26?
17
Let g = -7639 + 7658. Let h be 12/(-2) + (-1 - -1). What is the remainder when (-20)/h*(-54)/(-6) is divided by g?
11
Let k(f) be the second derivative of -1/3*f**4 - 13*f + 0 + 1/20*f**5 + 7/6*f**3 + 1/2*f**2. Calculate the remainder when k(5) is divided by 16.
13
Let p(w) = -w**3 - 6*w**2 + 3*w - 19. Let o(i) = -i**2 - 14*i - 7. Let b = -32 + 18. Let k be o(b). Calculate the remainder when 35 is divided by p(k).
8
Suppose 335*f + 2390 = 5070. Let u(q) = -q**3 + 3*q**2 + 4*q - 3. Calculate the remainder when u(-4) is divided by f.
5
Suppose -13 = -2*t - 1. Suppose -213 = -t*i + 183. Let n = 119 + -96. Calculate the remainder when i is divided by n.
20
Suppose 444 = -l + 4*g, -5*g = -0*g + 25. Calculate the remainder when (-108)/(-702) - l/26 is divided by 11.
7
What is the remainder when (-114)/(-17 - (-1515)/90) is divided by 471?
213
Let c(z) = -z**2 + 13*z + 358. What is the remainder when 117 is divided by c(-13)?
17
Let p = 2559 + -1790. What is the remainder when p is divided by (6 + 24/(-3))*-11?
21
Suppose 2*h + 35 = -3*h. Let c(b) be the third derivative of -b**5/60 - 11*b**4/24 - 7*b**3/3 + 14*b**2 + 7. Calculate the remainder when 55 is divided by c(h).
13
Let i = 4805 - 4799. What is the remainder when (-336)/(-33) - (-8)/(-44) is divided by i?
4
Let u = 4143 - 4132. Let p(y) = y**3 + y**2 + y + 40. Calculate the remainder when p(0) is divided by u.
7
Suppose 0 = 2*v - 0*v - 8. Let m = -14 + 19. Suppose k + 449 = v*f, -3*k = m*f - 117 - 423. What is the remainder when f is divided by 16?
15
Let g(z) = -z + 6. Let k(m) = -m + 11. Let t(u) = -5*g(u) + 3*k(u). Let d = -5 + 11. Calculate the remainder when 41 is divided by t(d).
11
Let w be ((-2)/(-3) - 19/(-57)) + 775. Suppose 0 = -3*f - 15, 3*f = -3*y + f + w. What is the remainder when y is divided by 38?
34
Suppose -36*x + 3366 - 485 = -1079. What is the remainder when x is divided by 30?
20
Suppose -2*u + 4*c - 2*c = 10, -3*u - 7 = -c. Let g be u - (3 - 260/5). Suppose 9 = 3*k - g. What is the remainder when 31 is divided by k?
12
Let g = -153 + 298. Let j be (-20)/(-6)*(-402)/335. What is the remainder when g is divided by (-3 - 0) + j - -44?
34
Suppose -2*m - 22*l + 14 = -24*l, 2*l + 11 = m. Calculate the remainder when 171 is divided by 49 + (m - 4) + -1 + -2.
36
Suppose -v = -5*a + 18, 0 = v - 0*v + 5*a + 8. Let g = 46 + v. Suppose -3*x = 4*s + 9 - 32, 5*s + g = x. What is the remainder when 50 is divided by x?
11
Suppose -91 = 12*d - 31. Let j be (-10)/d*(-3)/6. What is the remainder when 153 is divided by (j - -33) + 3 + -4?
29
Suppose 2*z - 263 = 3*k, 4*z + 198 - 704 = 2*k. Calculate the remainder when z is divided by 14/2 - (-686)/98.
12
Calculate the remainder when (2 - 11) + 13 - -140 is divided by 27.
9
Suppose -758 = -19*b + 762. Suppose -3*a = 1 + 5. Let i(m) = -4*m**3 - m**2 + 2*m + 3. What is the remainder when b is divided by i(a)?
26
Let b = -1528 + 963. Let i = -555 - b. What is the remainder when 30 is divided by i?
0
Let l(a) = 15*a - 128. Let m = 297 + -279. Calculate the remainder when l(m) is divided by 11.
10
Suppose 5*y + 667 = 3672. Calculate the remainder when y is divided by 269.
63
Let r(s) = -s**2 + 11*s + 3. Let v be r(5). Let u = -84 - v. What is the remainder when (u/(-12))/((-9)/(-60)) is divided by 14?
9
Let l = -3512 + 5164. Let h = -1611 + l. Suppose 2*j - 19 = 25. What is the remainder when h is divided by j?
19
Let i be (1 - 2)*(-76 - -2). Suppose i = 5*q + 4*m, -8*q + 73 = -3*q + 3*m. What is the remainder when q is divided by (1 - (4 - -2))/(8 + 265/(-30))?
2
Let r(f) = 2*f**2 + 36*f - 256. Calculate the remainder when 228 is divided by r(6).
4
Suppose -p + 2*h = 2*p - 130, -4*p = 2*h - 178. Let j = p + -15. Let n(a) = -2*a**3 + 14*a**2 - 34*a + 187. What is the remainder when n(6) is divided by j?
26
Suppose 0 = -5*j + j + 100. Suppose 0 = 48*p + 178 - 4978. What is the remainder when p is divided by j?
0
What is the remainder when 402 is divided by (-7)/(-315)*10 - 16090/(-90)?
44
Suppose 5*g + 0*g = -4*i + 678, -5*i - 4*g + 843 = 0. Calculate the remainder when 342 is divided by i.
8
Let k(p) = 20*p - 5. Let q be 